, 17, 653
List the prime factors of 432.
2, 3
What are the prime factors of 59?
59
List the prime factors of 6628.
2, 1657
What are the prime factors of 1135?
5, 227
What are the prime factors of 12448?
2, 389
List the prime factors of 9278.
2, 4639
What are the prime factors of 6907?
6907
What are the prime factors of 1805?
5, 19
What are the prime factors of 847?
7, 11
What are the prime factors of 94275?
3, 5, 419
What are the prime factors of 184?
2, 23
List the prime factors of 14578.
2, 37, 197
List the prime factors of 5069.
37, 137
List the prime factors of 5290.
2, 5, 23
List the prime factors of 2255.
5, 11, 41
What are the prime factors of 6747?
3, 13, 173
What are the prime factors of 5574?
2, 3, 929
List the prime factors of 478.
2, 239
What are the prime factors of 107125?
5, 857
What are the prime factors of 11349?
3, 13, 97
List the prime factors of 32254.
2, 16127
What are the prime factors of 4183?
47, 89
What are the prime factors of 193924?
2, 48481
What are the prime factors of 2053?
2053
List the prime factors of 14340.
2, 3, 5, 239
List the prime factors of 5124.
2, 3, 7, 61
What are the prime factors of 5850?
2, 3, 5, 13
What are the prime factors of 91709?
293, 313
What are the prime factors of 1237?
1237
List the prime factors of 30316.
2, 11, 13, 53
What are the prime factors of 1868?
2, 467
What are the prime factors of 1960?
2, 5, 7
List the prime factors of 7067.
37, 191
List the prime factors of 15339.
3, 5113
List the prime factors of 110.
2, 5, 11
List the prime factors of 971.
971
List the prime factors of 13532.
2, 17, 199
What are the prime factors of 4024?
2, 503
List the prime factors of 8615.
5, 1723
List the prime factors of 14802.
2, 3, 2467
What are the prime factors of 359?
359
What are the prime factors of 1452?
2, 3, 11
What are the prime factors of 2098?
2, 1049
List the prime factors of 13808.
2, 863
List the prime factors of 36093.
3, 53, 227
List the prime factors of 22669.
22669
What are the prime factors of 115860?
2, 3, 5, 1931
What are the prime factors of 7878?
2, 3, 13, 101
What are the prime factors of 631?
631
List the prime factors of 6503.
7, 929
List the prime factors of 9358.
2, 4679
What are the prime factors of 3340?
2, 5, 167
List the prime factors of 18380.
2, 5, 919
List the prime factors of 949.
13, 73
What are the prime factors of 255?
3, 5, 17
List the prime factors of 819.
3, 7, 13
List the prime factors of 6875.
5, 11
List the prime factors of 5338.
2, 17, 157
List the prime factors of 47967.
3, 59, 271
List the prime factors of 134168.
2, 31, 541
List the prime factors of 1394.
2, 17, 41
List the prime factors of 4434.
2, 3, 739
List the prime factors of 2959.
11, 269
List the prime factors of 33672.
2, 3, 23, 61
What are the prime factors of 52?
2, 13
List the prime factors of 8349.
3, 11, 23
List the prime factors of 5746.
2, 13, 17
What are the prime factors of 1245?
3, 5, 83
What are the prime factors of 21479?
47, 457
What are the prime factors of 56095?
5, 13, 863
What are the prime factors of 1532?
2, 383
List the prime factors of 6706.
2, 7, 479
List the prime factors of 9913.
23, 431
What are the prime factors of 78672?
2, 3, 11, 149
List the prime factors of 442.
2, 13, 17
List the prime factors of 2622.
2, 3, 19, 23
List the prime factors of 24101.
7, 11, 313
List the prime factors of 49936.
2, 3121
List the prime factors of 31747.
53, 599
What are the prime factors of 1277?
1277
What are the prime factors of 33146?
2, 16573
What are the prime factors of 11821?
11821
What are the prime factors of 79403?
271, 293
List the prime factors of 1195.
5, 239
List the prime factors of 390.
2, 3, 5, 13
What are the prime factors of 8035?
5, 1607
List the prime factors of 7595.
5, 7, 31
What are the prime factors of 1550?
2, 5, 31
List the prime factors of 80250.
2, 3, 5, 107
What are the prime factors of 545?
5, 109
What are the prime factors of 13545?
3, 5, 7, 43
What are the prime factors of 696?
2, 3, 29
What are the prime factors of 5199?
3, 1733
What are the prime factors of 143054?
2, 71527
What are the prime factors of 2807?
7, 401
List the prime factors of 654.
2, 3, 109
What are the prime factors of 10072?
2, 1259
What are the prime factors of 30524?
2, 13, 587
What are the prime factors of 1057?
7, 151
What are the prime factors of 1693?
1693
List the prime factors of 6943.
53, 131
What are the prime factors of 751?
751
What are the prime factors of 10509?
3, 31, 113
What are the prime factors of 1925?
5, 7, 11
List the prime factors of 3485.
5, 17, 41
What are the prime factors of 12506?
2, 13, 37
What are the prime factors of 5607?
3, 7, 89
List the prime factors of 3906.
2, 3, 7, 31
What are the prime factors of 577?
577
What are the prime factors of 9652?
2, 19, 127
What are the prime factors of 85920?
2, 3, 5, 179
List the prime factors of 101097.
3, 47, 239
List the prime factors of 10104.
2, 3, 421
List the prime factors of 5127.
3, 1709
What are the prime factors of 1164?
2, 3, 97
List the prime factors of 7034.
2, 3517
What are the prime factors of 129821?
131, 991
List the prime factors of 23303.
7, 3329
What are the prime factors of 3731?
7, 13, 41
What are the prime factors of 7567?
7, 23, 47
What are the prime factors of 6626?
2, 3313
List the prime factors of 11539.
11, 1049
What are the prime factors of 833?
7, 17
List the prime factors of 2708.
2, 677
List the prime factors of 2933.
7, 419
List the prime factors of 5997.
3, 1999
What are the prime factors of 2036?
2, 509
List the prime factors of 10440.
2, 3, 5, 29
What are the prime factors of 240?
2, 3, 5
What are the prime factors of 763?
7, 109
List the prime factors of 46457.
46457
List the prime factors of 2614.
2, 1307
List the prime factors of 4336.
2, 271
List the prime factors of 618.
2, 3, 103
What are the prime factors of 10937?
10937
List the prime factors of 734.
2, 367
What are the prime factors of 52393?
11, 433
What are the prime factors of 393?
3, 131
List the prime factors of 4098.
2, 3, 683
List the prime factors of 209.
11, 19
List the prime factors of 1074.
2, 3, 179
List the prime factors of 1733.
1733
What are the prime factors of 1138?
2, 569
List the prime factors of 12902.
2, 6451
What are the prime factors of 10425?
3, 5, 139
What are the prime factors of 7420?
2, 5, 7, 53
What are the prime factors of 14712?
2, 3, 613
List the prime factors of 8587.
31, 277
List the prime factors of 3823.
3823
List the prime factors of 325.
5, 13
What are the prime factors of 16339?
16339
What are the prime factors of 5377?
19, 283
List the prime factors of 4099.
4099
What are the prime factors of 8174?
2, 61, 67
What are the prime factors of 90?
2, 3, 5
What are the prime factors of 7372?
2, 19, 97
List the prime factors of 3272.
2, 409
What are the prime factors of 10771?
10771
What are the prime factors of 874?
2, 19, 23
List the prime factors of 268.
2, 67
List the prime factors of 12424.
2, 1553
What are the prime factors of 19125?
3, 5, 17
List the prime factors of 102167.
13, 29, 271
What are the prime factors of 3343?
3343
What are the prime factors of 1434?
2, 3, 239
What are the prime factors of 2057?
11, 17
List the prime factors of 27941.
27941
What are the prime factors of 307?
307
List the prime factors of 674.
2, 337
What are the prime factors of 16148?
2, 11, 367
List the prime factors of 776.
2, 97
List the prime factors of 7613.
23, 331
What are the prime factors of 8085?
3, 5, 7, 11
List the prime factors of 197248.
2, 23, 67
List the prime factors of 39533.
13, 3041
List the prime factors of 435.
3, 5, 29
List the prime factors of 11106.
2, 3, 617
List the prime factors of 5846.
2, 37, 79
List the prime factors of 857.
857
List the prime factors of 10236.
2, 3, 853
What are the prime factors of 4550?
2, 5, 7, 13
List the prime factors of 1320.
2, 3, 5, 11
What are the prime factors of 13160?
2, 5, 7, 47
What are the prime factors of 23161?
19, 23, 53
List the prime factors of 7569.
3, 29
What are the prime factors of 1289?
1289
List the prime factors of 3990.
2, 3, 5, 7, 19
What are the prime factors of 97171?
97171
List the prime factors of 374.
2, 11, 17
What are the prime factors of 11175?
3, 5, 149
What are the prime factors of 820?
2, 5, 41
List the prime